 -2*z - 0*t, 0 = -z - t + 102. Let s(g) = 20*g - 5. Calculate the remainder when z is divided by s(2).
34
Let c(m) = m**2 - 4*m + 57. Calculate the remainder when 2409 is divided by c(-7).
131
Calculate the remainder when 14 is divided by ((-36)/(-16))/(36/48).
2
Let s be (-4)/2 - -1 - 110. Let j be -5 + 1 - (-167 + 5). Let a = s + j. Calculate the remainder when a is divided by 16.
15
Calculate the remainder when (3/6)/((-3)/804)*-4 is divided by 136.
128
Let k = -565 - -596. What is the remainder when 75 is divided by k?
13
Suppose -2*v = u - 20, -39 = -4*u - 4*v + 37. Calculate the remainder when 175 is divided by u.
13
Suppose h - 10 = -5*a, 0 = -4*h + 3*a - 4*a + 116. Suppose g - h = 3. Calculate the remainder when g is divided by 9.
6
What is the remainder when 28*((-33)/12 - -5) - 4 is divided by 3?
2
Let a = 135 + -102. What is the remainder when 61 is divided by a?
28
Let r(s) = -s**2 - 5*s + 14. Let n = 11 + -17. Let f be r(n). Let w = f + 0. What is the remainder when 22 is divided by w?
6
Let a(c) = 2*c + 21. Let k be a(-9). Let n(u) = -2*u**2 + 6*u + 2*u + 3 + 7*u**2 - k*u**2. What is the remainder when 23 is divided by n(-5)?
10
Let l(t) = 52*t**2 - 6. Let v be l(3). Suppose -v = -4*q + 3*z - 8*z, z = -2. Calculate the remainder when q is divided by 12.
10
Let v(s) = s + 11. Suppose u - 2 = -0*u. Suppose -u*t + 9 = -11. Calculate the remainder when t is divided by v(-7).
2
Suppose -3*y = 3*p, -5*p - 21 = -5*y - 3*p. Let v be y*(-40)/12*-1. Suppose -6*m = -4*m - v. Calculate the remainder when 24 is divided by m.
4
Let z = 48 + -24. Let s = -12 + z. Calculate the remainder when s is divided by 5.
2
Let u(t) = -10*t + 147. Calculate the remainder when u(12) is divided by 4.
3
Let a(f) = -4*f + 206. What is the remainder when a(-6) is divided by 48?
38
Let w(t) = -2*t + 8. Let f be 4/2 - 4/2. What is the remainder when 38 is divided by w(f)?
6
Let z(n) = n**3 + 12*n**2 - n + 8. What is the remainder when z(-12) is divided by 17?
3
Let s = 1171 + -717. Calculate the remainder when s is divided by 57.
55
Let h = -550 + 573. What is the remainder when 573 is divided by h?
21
Let m(g) be the third derivative of -g**4/4 + 37*g**3/6 + 25*g**2. What is the remainder when m(-6) is divided by 37?
36
What is the remainder when (-1)/(6/1968*-2) is divided by 12?
8
Let k = -9 - -27. Calculate the remainder when (-22)/(-33)*(-4)/(24/(-621)) is divided by k.
15
Suppose 3*g - 3*z - 3 = 0, 2*z + 0*z = g + 3. Suppose 3*q = g*w + 202, 2*q - 53 = -2*w + 103. Calculate the remainder when q is divided by (-2)/3*375/(-10).
24
Let d = 75 + 80. Let i(h) = 8*h + 0*h**3 + h**3 - 9 + 0*h**3 + 0*h**3 - 6*h**2. What is the remainder when d is divided by i(6)?
38
What is the remainder when 171/2*60/45 is divided by 10?
4
Calculate the remainder when 4/64*8*602 is divided by 16.
13
Let a be (-2)/(-4) + 9/2. Suppose -115 - 165 = -a*u. Calculate the remainder when u is divided by (2 - (-19)/(-10)) + 149/10.
11
Let i = -6 - -24. Suppose 0 = 3*g - u + 41, 3*g + 29 = -5*u - 18. Let n = -7 - g. Calculate the remainder when i is divided by n.
4
What is the remainder when 134 is divided by (6/7)/(32/14 - 2)?
2
Let q = -13 - -10. What is the remainder when (-1)/((-3)/(78 - q)) is divided by 7?
6
Suppose 2*r - 140 = 140. Let m = r - 116. What is the remainder when 89 is divided by m?
17
Let i be 27/3 + 2 + -4. Suppose y = i*y - 54. What is the remainder when y is divided by 5?
4
Suppose o + 3*o = 4*l + 20, -4*o + 13 = 3*l. Suppose 5*c - n + 6*n = 150, o*c + 3*n - 117 = 0. Let u = 12 + 2. Calculate the remainder when c is divided by u.
13
Suppose -3*f + 3*c + 0 = 3, c - 9 = -3*f. Suppose f*m - 16 = m. Let n(w) = -w**2 + 12*w - 2. Calculate the remainder when m is divided by n(11).
7
Let u = 3 + -4. Calculate the remainder when 7 + (-2034)/(-27) - 1/3 is divided by u/((-1)/21) - 0.
19
Let p = 14 + -11. Suppose t = -p*h + 20, 0 = 2*t - 0*t + 3*h - 31. Calculate the remainder when 30 is divided by t.
8
Suppose w - 103 = -3*v, -v + 27 + 18 = -5*w. Let a = v - 8. What is the remainder when a is divided by 6?
3
Let t(n) = 5*n**2 - 28*n - 17. What is the remainder when t(8) is divided by 16?
15
Let d(c) = -30*c**3 - 5*c**2 + 4*c + 2. Let h be d(2). Calculate the remainder when 59 is divided by (10/(-25))/(5/h).
19
Suppose -4*y + 24 = 12. Suppose 138 = y*w + 24. Calculate the remainder when 150 is divided by w.
36
Let o(p) = 4*p - 29. What is the remainder when 68 is divided by o(11)?
8
Let g = 281 - 271. Calculate the remainder when 37 is divided by g.
7
What is the remainder when 52 is divided by (1/1)/(46/690)?
7
Let l = -6 + 10. Suppose 5*d = 2*d + l*u + 95, 41 = d + u. Suppose 3*h = 14 + d. What is the remainder when h is divided by 10?
7
Let k = -11 - -82. Suppose -4*f + k = 3*b, 0*f - 3*f = 4*b - 104. What is the remainder when 200 is divided by b?
26
Suppose 0 = -2*o + 21 - 5. Suppose 0 = 3*z - o*z + 115. Calculate the remainder when z is divided by 8.
7
Suppose 0 = 4*m - 35 - 5. Suppose 14*w = m*w + 112. What is the remainder when 83 is divided by w?
27
Calculate the remainder when 83 is divided by (-202)/(-14) - ((-477)/63 + 8).
13
Let d be (-2)/(-6)*(2 - -1). Suppose 2*g - d = g, -5*f + 9 = -g. Suppose a = f*a - 16. What is the remainder when 63 is divided by a?
15
Suppose -5*q = -o - 51, -5*q - 4*o + 54 = -8*o. Calculate the remainder when 39 is divided by q.
9
Suppose -18 = -k - 7. What is the remainder when (-25)/(5/(-40)*4) is divided by k?
6
Let u be (27/12)/((-6)/(-32)). Suppose v = -2*v + u. Suppose v*k = 7*k - 9. What is the remainder when 7 is divided by k?
1
Let b = 39 - 33. Suppose 8 = 4*l + h, -3*l + 4*h = b - 31. Calculate the remainder when 4 is divided by l.
1
What is the remainder when 94 is divided by (-3)/((-165)/2630) - (-16)/88?
46
Let b(w) = w**2 - w - 11. Let p be b(-3). Calculate the remainder when 9/2*p/((-3)/(-2)) is divided by 1.
0
Let s be -14*(3 - 28/8). Suppose 748 = 10*u + s*u. Calculate the remainder when u is divided by 9.
8
Suppose -3*p - 3 = 21. Suppose 12*l - 2*l = 250. Let r = l + p. Calculate the remainder when 33 is divided by r.
16
Suppose 0 = -2*o - 3*o + 210. Let v = o + -27. Calculate the remainder when 665/25 - (-2)/5 is divided by v.
12
Suppose 5*l = 2*j - 2 + 34, -4*j - 16 = -4*l. Calculate the remainder when 39 is divided by l.
7
Suppose c = 8 - 5. Suppose 8*j - c*j = 295. Calculate the remainder when j is divided by 15.
14
Suppose 3*i - 201 = -5*t, -2*i + 91 + 30 = 3*t. Let x = 48 - t. What is the remainder when 19 is divided by x?
1
Let s(a) be the third derivative of a**6/120 + 11*a**5/60 - 3*a**3/2 + 6*a**2. Let c = 21 - -2. What is the remainder when s(-10) is divided by c?
22
Suppose -5*h + h = -m + 29, -3*m + 2*h = -67. Let v(w) = -w**2 + 117*w - 1849. Calculate the remainder when m is divided by v(98).
8
Suppose -4*y = -5*p - 7 + 26, -p - 5 = -3*y. Suppose p = -7*k + 301. What is the remainder when 122 is divided by k?
38
Suppose 977*r = 960*r + 612. Suppose 4*d - 8*d + 40 = 0. What is the remainder when r is divided by d?
6
Let i = 16 - 14. Suppose i*u - 3*u + 99 = 0. Suppose 4*n = 22 + 78. What is the remainder when u is divided by n?
24
Suppose -5*c = -2*c - 15. Suppose -t - 5*m + c = 0, -m - m = 0. What is the remainder when 9 is divided by t?
4
Let h(q) = -2*q**2 + 20*q + 12. Let s be h(11). Let f = 42 + s. What is the remainder when 93 is divided by f?
29
Let w = 66 - 38. What is the remainder when 47 is divided by w?
19
Suppose 3*x = 3*n + 156, -3*n = 2*x + 2*x - 194. Calculate the remainder when 190 is divided by x.
40
Suppose -13*p + 10*p - 132 = 0. Let w = 98 + p. Calculate the remainder when w is divided by 29.
25
Suppose 982 = 8*c - 10. Let u = 188 - c. Calculate the remainder when u is divided by 22.
20
Suppose 69 = 5*x + 3*p - 0*p, -2*x = -2*p - 18. Let v(j) = -2*j - 17 - 8*j**2 + 9*j**2 + 4*j + 48. What is the remainder when v(0) is divided by x?
7
Suppose -225 = 27*q - 576. What is the remainder when 64 is divided by q?
12
Let y(u) = 3*u**2 - u + 4. What is the remainder when 474 is divided by y(-3)?
32
Let w = 1329 - 1149. Calculate the remainder when w is divided by 23.
19
Suppose m + 12 = 14. What is the remainder when 100 is divided by (m - 30)*(3 - (-30)/(-8))?
16
Let y = 7 + -2. Let p = 24 +